{"id":3200,"date":"2015-12-06T01:23:35","date_gmt":"2015-12-06T00:23:35","guid":{"rendered":"https:\/\/egassbarcelona.com\/ca\/producto\/conjunto-vera\/"},"modified":"2021-12-08T18:54:23","modified_gmt":"2021-12-08T17:54:23","slug":"conjunto-vera","status":"publish","type":"product","link":"https:\/\/egassbarcelona.com\/ca\/producte\/conjunto-vera\/","title":{"rendered":"CONJUNT VERA"},"content":{"rendered":"<p>Collaret llarg de cot\u00f3 dissenyat amb tub vertical de 8 mm de gruix i tubets fins d<span class=\"hiddenGrammarError\">&#8216;<\/span> 1\u202fmm. Els dos de <span class=\"hiddenSpellError\">zamak<\/span>. Fet a m\u00e0.<\/p>\n<p>Arracades disseny ll\u00e0grima amb peces de zamak i cot\u00f3. Fet a m\u00e0.<\/p>\n<p>Collaret disponible en diferents \u00a0colors i talles<\/p>\n<p style=\"text-align: justify;\">\u00a0<\/p>\n","protected":false},"excerpt":{"rendered":"<p>Collaret llarg de cot\u00f3 dissenyat amb tub vertical de 8 mm de gruix i tubets fins d<span class=\"hiddenGrammarError\">&#8216;<\/span> 1\u202fmm. Els dos de <span class=\"hiddenSpellError\">zamak<\/span> amb bany de plata. Fet a m\u00e0.<\/p>\n<p>Arracades disseny ll\u00e0grima amb peces de zamak amb bany de plata i cot\u00f3. Fet a m\u00e0.<\/p>\n<p>Collaret disponible en diferents \u00a0colors i talles.<br \/>\n<a href=\"https:\/\/egassbarcelona.com\/ca\/talles\" target=\"_blank\" rel=\"noopener\">Taula de talles<\/a><\/p>\n","protected":false},"featured_media":22312,"comment_status":"closed","ping_status":"closed","template":"","meta":{"_seopress_robots_primary_cat":"0","_seopress_titles_title":"","_seopress_titles_desc":"","_seopress_robots_index":""},"product_brand":[],"product_cat":[151],"product_tag":[298,200,196,282],"class_list":{"0":"post-3200","1":"product","2":"type-product","3":"status-publish","4":"has-post-thumbnail","6":"product_cat-conjunts","7":"product_tag-conjunt-collaret-i-arracades","8":"product_tag-coto","9":"product_tag-fet-a-ma","10":"product_tag-zamak-amb-bany-de-plata","11":"pa_color-blau-ca","12":"pa_color-blau-fosc-ca","13":"pa_color-gris-ca-2","14":"pa_color-marro-ca","15":"pa_color-negre-ca-2","16":"pa_color-verd-fosc-ca","17":"pa_color-verd-poma-ca","18":"pa_talla-l-ca","19":"pa_talla-m-ca","21":"first","22":"instock","23":"taxable","24":"shipping-taxable","25":"purchasable","26":"product-type-simple"},"_links":{"self":[{"href":"https:\/\/egassbarcelona.com\/ca\/wp-json\/wp\/v2\/product\/3200","targetHints":{"allow":["GET"]}}],"collection":[{"href":"https:\/\/egassbarcelona.com\/ca\/wp-json\/wp\/v2\/product"}],"about":[{"href":"https:\/\/egassbarcelona.com\/ca\/wp-json\/wp\/v2\/types\/product"}],"replies":[{"embeddable":true,"href":"https:\/\/egassbarcelona.com\/ca\/wp-json\/wp\/v2\/comments?post=3200"}],"wp:featuredmedia":[{"embeddable":true,"href":"https:\/\/egassbarcelona.com\/ca\/wp-json\/wp\/v2\/media\/22312"}],"wp:attachment":[{"href":"https:\/\/egassbarcelona.com\/ca\/wp-json\/wp\/v2\/media?parent=3200"}],"wp:term":[{"taxonomy":"product_brand","embeddable":true,"href":"https:\/\/egassbarcelona.com\/ca\/wp-json\/wp\/v2\/product_brand?post=3200"},{"taxonomy":"product_cat","embeddable":true,"href":"https:\/\/egassbarcelona.com\/ca\/wp-json\/wp\/v2\/product_cat?post=3200"},{"taxonomy":"product_tag","embeddable":true,"href":"https:\/\/egassbarcelona.com\/ca\/wp-json\/wp\/v2\/product_tag?post=3200"}],"curies":[{"name":"wp","href":"https:\/\/api.w.org\/{rel}","templated":true}]}}

<p>Collaret llarg de cotó dissenyat amb tub vertical de 8 mm de gruix i tubets fins d<span class="hiddenGrammarError">&#8216;</span> 1 mm. Els dos de <span class="hiddenSpellError">zamak</span>. Fet a mà.</p>
<p>Arracades disseny llàgrima amb peces de zamak i cotó. Fet a mà.</p>
<p>Collaret disponible en diferents  colors i talles</p>
<p style="text-align: justify;"> </p>

<p>Collaret llarg de cotó dissenyat amb tub vertical de 8 mm de gruix i tubets fins d<span class="hiddenGrammarError">&#8216;</span> 1 mm. Els dos de <span class="hiddenSpellError">zamak</span> amb bany de plata. Fet a mà.</p>
<p>Arracades disseny llàgrima amb peces de zamak amb bany de plata i cotó. Fet a mà.</p>
<p>Collaret disponible en diferents  colors i talles.<br />
<a href="https://egassbarcelona.com/ca/talles" target="_blank" rel="noopener">Taula de talles</a></p>
